10, what is -187984531 + 4?
-187984527
In base 12, what is -4680 - 752?
-5212
In base 16, what is -54 - 23396?
-233ea
In base 4, what is -100 + 21223021?
21222321
In base 14, what is 1169 - a4da?
-9371
In base 16, what is a5aaf - 12c?
a5983
In base 13, what is ca3106b8 - -5?
ca3106c0
In base 9, what is -668638 - 415?
-670154
In base 3, what is 2112000011 - -11010?
2112011021
In base 10, what is 1319 - 74649?
-73330
In base 4, what is -22223331212 - -101?
-22223331111
In base 7, what is -2 - 331401655?
-331401660
In base 14, what is 12dd94a1 + 1?
12dd94a2
In base 9, what is 0 + 2343632?
2343632
In base 5, what is -40443 - -100113?
4120
In base 5, what is 1021111103111 + 4?
1021111103120
In base 2, what is 10 + -1000110000101011010111?
-1000110000101011010101
In base 4, what is 20103311 - 1102123?
13001122
In base 2, what is 11001100100011111010000001 + 0?
11001100100011111010000001
In base 4, what is -2 - -30302212201?
30302212133
In base 2, what is 10000 - 101011100000100?
-101011011110100
In base 13, what is -67b - -687a?
61cc
In base 5, what is 420023 - 120213?
244310
In base 7, what is 24100305 - 5?
24100300
In base 7, what is -1112563 + -40?
-1112633
In base 4, what is 10103330011 + 1?
10103330012
In base 4, what is -2 - -1312230331223?
1312230331221
In base 4, what is 133033 + -3220?
123213
In base 2, what is 1100001101111 + 100101101010?
10000111011001
In base 12, what is -29639 + 2a80?
-26779
In base 7, what is -105 + -6440?
-6545
In base 13, what is 176 - -21c1?
2367
In base 7, what is 4120 - -5523?
12643
In base 11, what is -16488 - 194?
-16671
In base 7, what is -5153 + 1415245?
1410062
In base 2, what is -1000101010 + 11100011111010000010?
11100011110001011000
In base 8, what is -7212025 + -371?
-7212416
In base 3, what is 12 - 111012122212021010?
-111012122212020221
In base 16, what is -85 + 762b?
75a6
In base 6, what is 34530331 - -314?
34531045
In base 13, what is -144 + 47223?
470ac
In base 10, what is -88 - 968987?
-969075
In base 3, what is 111 - 210222010011222?
-210222010011111
In base 2, what is -11110110110011011110111011 - 0?
-11110110110011011110111011
In base 15, what is -446 - 392d?
-3d74
In base 8, what is 0 - 45332355?
-45332355
In base 8, what is -3565 - 157577?
-163364
In base 16, what is -1 + 94d78c?
94d78b
In base 15, what is 2 + -975a87?
-975a85
In base 8, what is 352027 - 22?
352005
In base 4, what is 2023000 + -213223?
1203111
In base 4, what is 213010 + 20100102?
20313112
In base 9, what is -1 + -31826185?
-31826186
In base 2, what is -1010001010 + -10100010101000011101?
-10100010110010100111
In base 16, what is 523274 + 5?
523279
In base 3, what is -10221100122122 - 2102?
-10221100202001
In base 8, what is 33431 + 17473?
53124
In base 4, what is 1 + -33100232201?
-33100232200
In base 7, what is 15521604 + -101?
15521503
In base 10, what is -195 + 164192?
163997
In base 16, what is -621 + 108be?
1029d
In base 15, what is -96ac87 - 1?
-96ac88
In base 7, what is -216230634 - 6?
-216230643
In base 10, what is -147381580 - 5?
-147381585
In base 6, what is 5 + -314045345?
-314045340
In base 15, what is -20720b8 + 2?
-20720b6
In base 10, what is -4362193 - 0?
-4362193
In base 6, what is 1553 - 1005033?
-1003040
In base 10, what is 4 + 173561412?
173561416
In base 16, what is -1 - -4a57783?
4a57782
In base 16, what is -106 + -bb66d?
-bb773
In base 16, what is -b343a2 - 3?
-b343a5
In base 16, what is -24 - e00e?
-e032
In base 7, what is 351 - -201505?
202156
In base 10, what is 1964062 - 9?
1964053
In base 14, what is -3 + -4bcd20c?
-4bcd211
In base 14, what is -3 - -242347a?
2423477
In base 9, what is -62827822 + 2?
-62827820
In base 14, what is -145 - 174d1?
-17636
In base 2, what is -101010 - 1000110110100011?
-1000110111001101
In base 5, what is 1432 - -100123400?
100130332
In base 12, what is 2262 - 406a?
-1a08
In base 14, what is -1dab - 219b?
-4168
In base 16, what is -5 - 6d0146f?
-6d01474
In base 6, what is 101 + -152324311?
-152324210
In base 2, what is 101101000101001 + 110101?
101101001011110
In base 13, what is 114cb - -11b1?
126ac
In base 16, what is -4 - -2730f14?
2730f10
In base 5, what is -13 + -124304104204?
-124304104222
In base 10, what is 397779 - -18?
397797
In base 4, what is -11 + 102013311020?
102013311003
In base 4, what is 1122033020111 - 0?
1122033020111
In base 3, what is 10101220012001221 - 12?
10101220012001202
In base 7, what is 34646244 + 2?
34646246
In base 10, what is 148 - -247555?
247703
In base 15, what is -a3b - 99603?
-9a13e
In base 3, what is 121220221110 - 200011?
121220021022
In base 12, what is 4 + -1373a0?
-137398
In base 14, what is 48 + b292b?
b2975
In base 15, what is 127e96 + 1?
127e97
In base 5, what is -110421 - 24203?
-140124
In base 12, what is 2 - -29767bb?
2976801
In base 14, what is 5 + 4a0570?
4a0575
In base 12, what is 1177a8744 + 1?
1177a8745
In base 16, what is 4190935 - -2?
4190937
In base 15, what is c - -7d852?
7d85e
In base 16, what is e7e6 + 26?
e80c
In base 14, what is -dc + -582a?
-5928
In base 6, what is -52122421125 - 4?
-52122421133
In base 6, what is 24525 - 33404?
-4435
In base 9, what is 32430856 + -2?
32430854
In base 2, what is 111101101111101000010101 - -11?
111101101111101000011000
In base 11, what is 182743 + 4?
182747
In base 7, what is 553 + -14061?
-13205
In base 3, what is 121 + -201111110212012?
-201111110211121
In base 12, what is -b520900 + -b?
-b52090b
In base 2, what is -10010 - 1110011011011110011001001?
-1110011011011110011011011
In base 7, what is -600041651 + 4?
-600041644
In base 9, what is 4 - -13758386?
13758401
In base 2, what is -1101000010110 - -11001001101?
-1001111001001
In base 11, what is 12a2 - -35368?
3665a
In base 4, what is 1312203021303 + 1?
1312203021310
In base 14, what is -2bb5146d + 3?
-2bb5146a
In base 14, what is 7 + 97c94?
97c9b
In base 6, what is 211021 + 13435?
224500
In base 16, what is 646 + 6246?
688c
In base 12, what is -23a0391 + 0?
-23a0391
In base 11, what is 41691627a + 3?
416916282
In base 13, what is -4 + 1bb4568?
1bb4564
In base 13, what is -59a770 - -86?
-59a6b7
In base 3, what is -201212010022 - 1220?
-201212012012
In base 6, what is 32130240215 - 4?
32130240211
In base 5, what is 221341311 - 1412?
221334344
In base 10, what is 81 + -153?
-72
In base 8, what is -40717110 - 12?
-40717122
In base 14, what is 4696 + 78d?
5045
In base 3, what is 2001221022 - -1001202?
2010000001
In base 5, what is 403223 + 1002?
404230
In base 16, what is -94 + -1f0c?
-1fa0
In base 10, what is 1351 + -22557?
-21206
In base 13, what is -4 - 1350a55?
-1350a59
In base 12, what is -23 - 3b0a54?
-3b0a77
In base 13, what is -11b25ab + -4?
-11b25b2
In base 12, what is a2 - 9778?
-9696
In base 8, what is -15420255 + -106?
-15420363
In base 12, what is 1628a065 + -a?
1628a057
In base 14, what is -9626b - -33?
-96238
In base 4, what is -10 - -10230110110212?
10230110110202
In base 3, what is 11 + -10011101200202?
-10011101200121
In base 10, what is -16739 - -120?
-16619
In base 14, what is -239bc + -4d?
-23a2b
In base 3, what is -10011010 - 120102002?
-200120012
In base 5, what is 1022111 - 1033131?
-11020
In base 9, what is -332467 + -460?
-333037
In base 6, what is -1253254501 - 3?
-1253254504
In base 9, what is -14 - -88008561?
88008546
In base 4, what is -1231301 - -1111030?
-120211
In base 3, what is 21001201 - -10200212?
101202120
In base 2, what is 0 + 11101101011001010101001?
11101101011001010101001
In base 6, what is 10 + 15230415?
15230425
In base 16, what is 7f0 - 6292?
-5aa2
In base 12, what is 112 - -5849?
595b
In base 2, what is 1100011 + 1000001010110111001111?
1000001010111000110010
In base 5, what is -31310412431 - 4?
-31310412440
In base 5, what is 21 + -2123423?
-2123402
In base 4, what is -2013013020132 + 20?
-2013013020112
In base 9, what is 6 - -71246183?
71246200
In base 4, what is 2302 - 2203303223?
-2203300321
In base 13, what is -49737 + 545?
-491c2
In base 6, what is 14124245124 + 1?
14124245125
In base 6, what is -131423 - 11223?
-143050
In base 15, what is -1d4 - 15619?
-157ed
In base 2, what is 1011011111 + 1101110?
1101001101
In base 6, what is 1352502 - 550?
1351512
In base 2, what is -11001011 + 110011110101001?
110011011011110
In base 13, what is -6 + 1c59b96?
1c59b90
In base 8, what